6*g**3 + g**2 + 2*g + 1. Let u be n(-1). Suppose u*x - x = 65. What is the remainder when 23 is divided by x?
10
Suppose -u = 5*i - 3*i - 68, -4*i = -2*u - 136. Calculate the remainder when i is divided by (-130)/(-7) + (-4)/7.
16
Let q(n) = -8*n - 36. Let l be q(-9). What is the remainder when l/(-90) + -28*8/(-10) is divided by 7?
1
Suppose -2*i - h + 105 = 0, -2*h = 7*i - 2*i - 261. Calculate the remainder when i is divided by (35/25)/7 + 267/15.
15
Let u(x) = x**2 - 7*x - 12. Let w(d) = 2*d**2 - 4*d - 5. What is the remainder when u(11) is divided by w(-2)?
10
What is the remainder when 0 + 81 + 2 + -8 is divided by 4?
3
Suppose -2*q + 12 = -20*i + 18*i, -i - 12 = -3*q. What is the remainder when q is divided by 15/6 + 1/(-2)?
1
Let w(p) = 0 - 13 + 8*p + 9*p**2 - 8*p**2. Let a be w(-10). Suppose -11*y + a*y = -160. What is the remainder when y is divided by 14?
12
Suppose 0 = 14*u - 15*u + 10. Let s(h) = 3*h**2 - 12*h + 3. Calculate the remainder when s(u) is divided by 62.
59
Let z = -50 - -76. Suppose z - 92 = 3*x. What is the remainder when 39 is divided by (x/(-33))/(2/42)?
11
Let k = -50 + 162. What is the remainder when k is divided by 38?
36
Let g be (-20)/(0 + -1) + 0. Suppose -g = -3*c + 55. Suppose 5*t - 4*j - 257 = 0, 3*j + 45 + 13 = t. What is the remainder when t is divided by c?
24
Suppose 5*n = -5, -5*n = -4*z + 6 + 123. What is the remainder when (18018/28)/11 + 2/4 is divided by z?
28
What is the remainder when 8/(-5 - -13) + 518*1 is divided by 58?
55
Suppose 5*s - 3 = -8. Let a(o) = 9*o**2 - 2*o - 1. Calculate the remainder when 49 is divided by a(s).
9
Let c = -132 - -161. Calculate the remainder when c is divided by 12.
5
Let a(o) = -4*o + 5. Let b be 16/20*15/(-2). Let w = 94 + 19. Calculate the remainder when w is divided by a(b).
26
Suppose -514 = -4*g - s, 0 = 4*g - 5*g - 2*s + 132. Calculate the remainder when g is divided by 66.
62
Let b(k) = k**2 - 93. What is the remainder when 1601 is divided by b(-10)?
5
Suppose 0 = -3*r + 3*s + 78, 3*r - 2*s - 3*s - 80 = 0. Calculate the remainder when r is divided by 25.
0
Let j(i) = i**2 + 18*i + 28. Calculate the remainder when 324 is divided by j(-19).
42
Let u(a) be the second derivative of -a - 1/3*a**3 - 5/2*a**2 + 1/2*a**4 + 1/20*a**5 + 0. What is the remainder when 12 is divided by u(-6)?
5
Suppose -2*x + 372 = -6*x. What is the remainder when 97 is divided by (3 + x/6)/((-3)/6)?
22
Let q = -10 - -1. Let f = -5 - q. Suppose -104 = 2*k - f*k. What is the remainder when k is divided by 14?
10
Let z(k) = 2*k**2 - 6*k - 11. Suppose a - 9 + 1 = -m, 0 = -4*m - 2*a + 42. Calculate the remainder when z(6) is divided by m.
12
What is the remainder when 1022/35 - (-3)/(-15) is divided by 18?
11
Let h(s) = 5*s + 5. Suppose 5*n + 38 - 113 = 0. Let m = 26 - n. What is the remainder when h(3) is divided by m?
9
Let u be (-1)/(2 - 1)*-60. What is the remainder when 2/(0 - -2) + u is divided by -6*1*56/(-21)?
13
Let u be (-21)/(-15) - 27/(-45). Suppose t - 307 = -3*m, u*t = -5*m + 6*t + 523. Calculate the remainder when m is divided by 26.
25
Suppose -8 + 23 = 5*g. Suppose g*n - 68 = 7*z - 2*z, -n = 5*z + 64. Let x = 65 + z. What is the remainder when x is divided by 27?
25
Let v = 442 + -424. What is the remainder when 52 is divided by v?
16
Let s(c) = -c - 1. Let m be s(-7). Suppose m*p - 80 = p + q, 2*p - 24 = 2*q. Suppose 4*d - 155 - p = 0. What is the remainder when d is divided by 16?
11
Let b be (-12)/4 + -1 + 2. What is the remainder when 30*(6/2 + b) is divided by -5 + 5 + -3 + 11?
6
Let d(f) = 3*f - 7*f**3 + 3*f - 4*f**2 + 7*f**3 + f**3 + 2. Calculate the remainder when d(3) is divided by 4.
3
Let d = -652 - -695. What is the remainder when 298 is divided by d?
40
Suppose 6*b + 109 - 139 = 0. Calculate the remainder when 52 is divided by b.
2
Let z(d) = -d**2 + 7*d + 22. Let v be z(9). Suppose v*f - 274 = -f - 3*y, 3*y + 118 = 2*f. Calculate the remainder when f is divided by 20.
16
Suppose -4*s + 130 = w - 57, s - w = 43. Suppose 3*x = -4*q + 50, -26 = -5*x + 3*x + q. Suppose 0 = z - 2 - x. Calculate the remainder when s is divided by z.
14
Let g(l) = 9*l + 119. What is the remainder when 28 is divided by g(-12)?
6
Suppose -2*n = g + 3 - 13, -5*n + 23 = 2*g. Suppose -s = 3*u - 2, -2*u + g*s + 12 = 2*s. Let a = u - -8. Calculate the remainder when 17 is divided by a.
7
Suppose 0 = 2*i - q - 42, 24*q - 27*q + 12 = 0. Let v(k) = -3*k**3 - 4*k**2 - 3*k - 2. Let y be v(-2). What is the remainder when 11 is divided by i/4 + 3/y?
5
Suppose 0 = 6*h - 95 - 1. Suppose 0 = -2*x - 4, 4*a + 4*x + 4 = -0. Let w = a + h. Calculate the remainder when 48 is divided by w.
14
Let v(c) = 5*c + 13. Let q be v(11). Suppose 3*d + d = q. Calculate the remainder when (4 - -29) + -4 + 2 is divided by d.
14
Let i(p) = p**3 - 10*p**2 - 12*p + 19. Let t be i(11). Suppose t*n - 266 - 22 = 0. Calculate the remainder when n is divided by 10.
6
Let t = -1455 - -1474. Calculate the remainder when 149 is divided by t.
16
Suppose -60*m = -61*m + 4, -2*m - 42 = -2*f. Calculate the remainder when f is divided by (-57)/(-4) + (-1)/4.
11
Let n = -13 + 270. Calculate the remainder when n is divided by 7.
5
What is the remainder when 725 is divided by (-39)/(4/((-8)/3))?
23
Let y = 6 - 18. Let z be 40/y*3 - -2. Let n = 21 + z. What is the remainder when 49 is divided by n?
10
Suppose 16*b = 397 + 179. Let g = -27 + b. What is the remainder when 89 is divided by g?
8
Suppose l = -4*l + 5*t - 25, -t + 1 = 0. Let k(b) = -b**2 + b - 2. Let i be k(-4). Let x = l - i. What is the remainder when x is divided by 7?
4
Suppose 34*c = 27 + 4291. Calculate the remainder when c is divided by 33.
28
Suppose 2*s + c - 4 - 5 = 0, 0 = -2*s + c + 7. Let o = s + 32. Calculate the remainder when o is divided by 10.
6
Let o(x) = -3*x + 14. Let d be o(4). What is the remainder when (-3 - (-5)/d)/((-2)/52) is divided by 5?
3
Suppose 2*b - 172 = -3*y - 33, y - 70 = -b. Suppose 0 = 6*h - 0*h - 540. Suppose -h = -8*g + 3*g. Calculate the remainder when b is divided by g.
17
Suppose q + 153 = 4*d - 0*q, 0 = -2*d + 4*q + 94. Calculate the remainder when d is divided by 16/3*(-3)/24*-12.
5
Suppose 2*a + 2 = -3*o, 0 = -5*a + 2*o + 657 - 643. What is the remainder when a is divided by 1?
0
Suppose 35*m - 27*m = 112. What is the remainder when 43 is divided by m?
1
Let h(k) = -10*k - 1. Suppose w = -3*d + 2, 5*w - 10*w = -d - 42. What is the remainder when h(-2) is divided by w?
3
Suppose -12 = 3*p, -f - 3*f = p - 220. Let j = -30 + f. Calculate the remainder when 50 is divided by j.
24
Suppose 0 = -24*y + 6*y + 54. What is the remainder when 92 is divided by y?
2
Calculate the remainder when 1958/7 - (11 - 395/35) is divided by 71.
67
Suppose 2*d - 235 = -3*d + 5*j, -j = -3*d + 141. Suppose 8*s + 34 = 10*s. Calculate the remainder when d is divided by s.
13
Suppose 2*i = -2*q - 8 + 20, 3*i + 2*q - 17 = 0. Suppose l + 7 = i*h, h - l = -2 + 1. What is the remainder when 4 is divided by h?
0
Let y(g) = -g**3 + 10*g**2 + 12*g + 14. Let r = -2 + -1. Let h(u) = u**2 - u - 1. Let o be h(r). What is the remainder when y(o) is divided by 13?
12
Let h(l) = 2*l**2 + 2*l. What is the remainder when h(4) is divided by (7 - -1 - 9)*-7?
5
Let y = 333 - 331. What is the remainder when 33 is divided by y?
1
Let w(y) = -y**3 - 14*y**2 - 47*y + 14. Calculate the remainder when 78 is divided by w(-8).
0
Suppose 58*s = 59*s + 4. Calculate the remainder when 59 is divided by 1/(s/(-7) + 243/(-462)).
15
Let q(t) = 6*t - t**2 - 5 + 15*t + 3*t. What is the remainder when q(22) is divided by 15?
9
Suppose -10*p - 5*p + 765 = 0. What is the remainder when p is divided by 9?
6
What is the remainder when (-12)/(-28) + (-57888)/(-168) is divided by 66?
15
Let a(o) = 3*o**2 - 3*o + 3. Suppose 3*i + 0*i - 120 = 0. Suppose 4*l - 6*l = -i. What is the remainder when a(-3) is divided by l?
19
Let l(o) = -o**2 - 31*o - 150. What is the remainder when 27 is divided by l(-7)?
9
Let g(l) = l**2 + l - 7. Let o(u) = -u**2 + 6. Let v be o(0). What is the remainder when g(-8) is divided by (52/v)/((-18)/(-27))?
10
Suppose 2*k + 375 = 7*k. Suppose -1247*g = -1255*g + 128. Calculate the remainder when k is divided by g.
11
Let u = -150 + 161. Suppose 0 = u*r - 777 + 194. Calculate 